 11) in base 9?
314
What is -120110020 (base 3) in base 5?
-330030
What is 35012 (base 6) in base 4?
1031300
Convert -863 (base 11) to base 14.
-541
What is 9a2 (base 11) in base 10?
1201
What is -2001 (base 8) in base 13?
-60b
What is 30123 (base 4) in base 11?
663
-63b (base 14) to base 6
-5405
What is -8abb (base 14) in base 13?
-ac61
What is 863 (base 14) in base 3?
2021022
Convert 32ba (base 15) to base 11.
8093
Convert 169a (base 12) to base 3.
10201101
What is 868 (base 11) in base 16?
412
Convert 310 (base 12) to base 6.
2020
Convert ca7 (base 14) to base 8.
4703
26b (base 13) to base 8
653
-5582 (base 12) to base 10
-9458
177a (base 11) to base 3
10002220
1f89 (base 16) to base 11
607a
1c75 (base 15) to base 13
2a7a
What is -23229 (base 10) in base 7?
-124503
Convert -1516 (base 7) to base 11.
-4a7
What is -7777 (base 10) in base 9?
-11601
Convert 15 (base 14) to base 9.
21
What is -211101 (base 3) in base 6?
-2444
Convert -47347 (base 8) to base 14.
-750b
What is 651 (base 9) in base 4?
20110
24a26 (base 11) to base 12
188b0
Convert 319b (base 13) to base 10.
6888
2710 (base 10) to base 7
10621
Convert -54136 (base 7) to base 15.
-3ebd
Convert -13043 (base 7) to base 13.
-1763
17a (base 13) to base 9
330
b30 (base 14) to base 6
14102
What is 4156 (base 9) in base 15?
d83
Convert -2ad9 (base 14) to base 13.
-3628
Convert -43020 (base 5) to base 15.
-cc5
-2241 (base 5) to base 7
-636
Convert -17752 (base 12) to base 3.
-1201111122
Convert 698c (base 15) to base 13.
a278
What is 5254 (base 7) in base 10?
1852
Convert 4651 (base 7) to base 10.
1702
Convert -110101100010100 (base 2) to base 14.
-9dc0
-11622 (base 7) to base 14
-1182
What is 62a (base 13) in base 9?
1386
35b (base 15) to base 7
2135
What is -10110100101 (base 2) in base 12?
-a05
What is 84 (base 15) in base 13?
97
44a02 (base 11) to base 4
33321030
What is -1983 (base 10) in base 6?
-13103
What is -321113 (base 4) in base 14?
-14a3
Convert -381 (base 9) to base 3.
-102201
-32323 (base 5) to base 4
-202211
Convert -741 (base 8) to base 6.
-2121
Convert 3229 (base 13) to base 15.
20e4
Convert -1152 (base 10) to base 12.
-800
Convert -20100 (base 4) to base 13.
-318
-30807 (base 10) to base 8
-74127
-31430 (base 7) to base 8
-17123
What is 6ee (base 15) in base 5?
22244
What is -2466 (base 7) in base 3?
-1021110
What is 20225 (base 11) in base 2?
111001101101111
Convert 22102101 (base 3) to base 7.
23620
Convert 2311 (base 6) to base 16.
223
-627 (base 14) to base 2
-10010111011
-39b (base 12) to base 9
-672
What is -90b (base 13) in base 4?
-113330
What is -4263 (base 8) in base 14?
-b51
Convert 11101111100 (base 2) to base 13.
b45
2212021 (base 3) to base 14
a90
-2103 (base 7) to base 8
-1342
What is 10230 (base 7) in base 3?
10110100
110000101001 (base 2) to base 8
6051
-986 (base 16) to base 4
-212012
1457 (base 12) to base 2
100101000011
What is 15b (base 14) in base 16?
115
What is 1621 (base 12) in base 10?
2617
What is -100122 (base 3) in base 16?
-104
What is -12044 (base 6) in base 15?
-7c1
What is 208b (base 12) in base 9?
4788
-330 (base 5) to base 9
-110
6a5 (base 11) to base 5
11331
-100120200 (base 3) to base 4
-1231020
Convert 2151 (base 9) to base 3.
2011201
-212113 (base 4) to base 8
-4627
-216a (base 12) to base 11
-2848
Convert 56a5 (base 15) to base 3.
221012202
221121 (base 3) to base 14
375
10111000000100 (base 2) to base 5
334110
What is 22201011 (base 3) in base 7?
24340
-1356 (base 11) to base 7
-5055
1110020201 (base 3) to base 8
67704
Convert -1d0 (base 15) to base 10.
-420
11827 (base 12) to base 10
23647
What is -7252 (base 11) in base 10?
-9616
What is -583 (base 10) in base 13?
-35b
What is -443 (base 12) in base 13?
-393
Convert -30001 (base 5) to base 3.
-2120111
What is -38c (base 13) in base 12?
-43b
Convert 142 (base 5) to base 7.
65
What is -648 (base 9) in base 12?
-382
What is 213004 (base 5) in base 3?
100221200
What is 10110011 (base 2) in base 9?
218
Convert -148 (base 16) to base 14.
-196
What is -1222 (base 5) in base 14?
-d5
-220301 (base 4) to base 7
-10415
Convert 3214 (base 5) to base 3.
121002
What is 212434 (base 5) in base 14?
28d6
-222232 (base 4) to base 16
-aae
What is -1e5 (base 16) in base 7?
-1262
Convert 112d (base 16) to base 11.
3338
What is -5520 (base 6) in base 8?
-2370
333 (base 4) to base 15
43
1030 (base 10) to base 11
857
What is 37ac (base 14) in base 2?
10011000011100
Convert -2044 (base 5) to base 14.
-158
Convert -d34 (base 14) to base 9.
-3502
-15d (base 15) to base 10
-313
10241 (base 5) to base 10
696
Convert 11012120 (base 3) to base 11.
2338
Convert 2a05 (base 11) to base 5.
111002
111011101110 (base 2) to base 16
eee
What is -c2c (base 14) in base 9?
-3247
313341 (base 5) to base 7
42346
8c9 (base 14) to base 11
1347
What is -6044 (base 10) in base 14?
-22ba
What is 300 (base 16) in base 9?
1043
What is 1570 (base 12) in base 7?
10245
Convert 125 (base 13) to base 11.
172
What is -351 (base 6) in base 9?
-164
Convert -2108 (base 9) to base 11.
-1187
What is -10a9 (base 12) in base 16?
-741
647 (base 11) to base 7
2160
344 (base 10) to base 16
158
4144 (base 7) to base 8
2655
-13054 (base 7) to base 14
-139b
Convert -d1 (base 15) to base 8.
-304
Convert 3202 (base 4) to base 2.
11100010
Convert 3781 (base 12) to base 14.
2413
Convert -9a (base 13) to base 9.
-151
What is -1b23 (base 12) in base 11?
-2566
17c24 (base 13) to base 9
70078
What is 349 (base 11) in base 13?
260
1001020000 (base 3) to base 15
6169
What is -11001111100110 (base 2) in base 8?
-31746
What is 646 (base 13) in base 8?
2060
Convert -b14 (base 12) to base 2.
-11001000000
-8d1 (base 16) to base 6
-14241
Convert -168 (base 9) to base 16.
-8f
-136661 (base 7) to base 16
-6725
Convert 8a94 (base 11) to base 9.
17360
Convert -301 (base 14) to base 6.
-2421
Convert 10c1b (base 13) to base 8.
73625
What is -68480 (base 10) in base 13?
-25229
34467 (base 10) to base 7
202326
e12 (base 16) to base 10
3602
Convert -2012101 (base 3) to base 13.
-964
Convert -4958 (base 11) to base 9.
-8785
Convert -43256 (base 8) to base 13.
-830b
Convert -12415 (base 6) to base 8.
-3533
Convert 116444 (base 7) to base 11.
15170
What is -2c3 (base 15) in base 12?
-449
Convert -6ab (base 12) to base 7.
-2621
5233 (base 11) to base 3
100111210
What is da5 (base 14) in base 2?
101010000101
What is 2411140 (base 5) in base 3?
2021002211
What is -10722 (base 11) in base 7?
-63140
-2122222 (base 4) to base 2
-10011010101010
Convert -12222 (base 3) to base 5.
-1121
d9 (base 14) to base 4
2333
What is 436 (base 7) in base 4?
3133
What is -1290 (base 16) in base 4?
-1022100
What is -21377 (base 12) in base 4?
-22223023
Convert -13136 (base 8) to base 4.
-1121132
262 (base 7) to base 12
ba
1710 (base 11) to base 5
32224
Convert 10100210 (base 3) to base 12.
1503
6007 (base 9) to base 7
15526
What is 4878 (base 12) in base 8?
17734
-160 (base 10) to base 3
-12221
Convert -1220011 (base 3) to base 13.
-823
5553 (base 13) to base 3
121022200
-26343 (base 7) to base 2
-1101101111110
-111011110 (base 2) to base 11
-3a5
What is 101110101010 (base 2) in base 10?
2986
Convert -9015 (base 11) to base 16.
-2edb
Convert 225 (base 14) to base 10.
425
-50205 (base 9) to base 16
-80cc
-11110110001 (base 2) to base 12
-1181
What is -778 (base 16) in base 2?
-11101111000
-9698 (base 10) to base 12
-5742
-2838 (base 10) to base 12
-1786
Convert -52202 (base 6) to base 12.
-4062
What is 1101 (base 9) in base 14?
41d
What is 13223 (base 5) in base 14?
55d
Convert -360 (base 8) to base 3.
-22220
What is -10000000100011101 (base 2) in base 13?
-23c62
2102100 (base 3) to base 6
12100
1200300 (base 4) to base 8
14060
-1f2a (base 16) to base 6
-100534
What is 1110101100 (base 2) in base 16?
3ac
Convert a5a3 (base 12) to base 6.
215523
-16113 (base 7) to base 4
-1012212
What is 101001000101011 (base 2) in base 10?
21035
What is 177 (base 12) in base 5?
1420
-9233 (base 14) to base 3
-1021110212
Convert 18822 (base 10) to base 8.
44606
Convert -4011 (base 5) to base 14.
-282
-2104422 (base 5) to base 7
-204001
Convert c70 (base 15) to base 2.
101011110101
What is 1221020 (base 3) in base 14?
72a
What is -1570 (base 8) in base 7?
-2406
What is 2a6 (base 15) in base 7?
1524
What is -838 (b